 114. Let y(i) = i**3 - 12*i**2 + 2*i + 11. Let s be y(12). What is the highest common factor of s and w?
35
Let v be 14 + -3 + 2 + -7. Let u be (-20)/(-10) + (-1 - 18). Let l = u + 29. What is the greatest common divisor of l and v?
6
Suppose c = 2*a - 31, -6*a - 3*c = -5*a - 5. Suppose 466 = -z + 4*z + 4*h, -2*h + 772 = 5*z. Calculate the greatest common factor of z and a.
14
Suppose -41*b = -14*b - 8775. What is the greatest common factor of b and 91?
13
Let c(q) = 24*q - 12. Let y(a) = a. Let v(g) = 2*c(g) - 56*y(g). Let d be v(-4). Calculate the highest common factor of 8 and d.
8
Let s = -112 + 115. Let h be (-18)/(1 - (2 + -2 + s)). Calculate the greatest common factor of 18 and h.
9
Let h = 17 - 15. Suppose -4*q + h*m - 3*m = 0, -2*m = 3*q. Suppose 2 = s - q, -13 = -i - 4*s. Calculate the highest common factor of i and 1.
1
Let m be (7/3)/((-2)/(-12)). Let b be (0 - (296/16 + -14))/(1/2) - -79. What is the highest common factor of m and b?
14
Let h = -29026 - -29178. Suppose -5*l + 31 = -5*u - 149, -3*l - 4*u = -122. Calculate the highest common divisor of h and l.
38
Let k = 1215 - -383. Calculate the greatest common factor of 340 and k.
34
Let x = 52 + -56. Let y be 3/2*4*x/(-24). Let b be 2/(-4)*-98*y. What is the highest common factor of b and 7?
7
Let o be -5 + 5 + -10 - (-120)/3. Let w(h) = 3*h**2 - 3*h - 5. Let p be w(-6). Let u = p - 61. What is the highest common divisor of o and u?
30
Let j = 94 - 89. Suppose 24*s + 425 = 29*s - d, 5*s - j*d - 445 = 0. What is the greatest common factor of s and 24?
12
Suppose 5*w + 0*x - 3*x = -414, -2*x = 4. Let z = -54 - w. Suppose -6*y - z = -66. Calculate the greatest common divisor of y and 54.
6
Let h = -650 - -448. Let b be (-150)/(-20)*h/(-5). What is the greatest common divisor of 505 and b?
101
Suppose 3*a - 184 - 44 = 0. Suppose -4*o = 2*l + 4, -5*o + 0*o = 15. Suppose 4 = -l*x + 80. Calculate the greatest common divisor of x and a.
19
Suppose 0 = -2*g + 228 - 14. Suppose 83 + g = 2*x + 3*d, 0 = -5*x - d + 488. Let s = x + -70. Calculate the greatest common divisor of 28 and s.
28
Suppose -3*k + 123 = 4*v, 23 = 5*k + 58. Calculate the greatest common divisor of 19476 and v.
36
Suppose 0 = -s - 2*q + 64, 3*s - q - 222 = -9. Suppose -66*t = -s*t + 188. Calculate the greatest common factor of 188 and t.
47
Let y = 161 + -125. Let p be (-3 - (-822)/y) + 2/12. What is the highest common divisor of p and 5?
5
Let l(w) = w**3 - w**2 - 2*w + 4. Let s be l(2). Let n be s/(-10) - (-14)/35. Suppose -7*g + 378 = -n*g. Calculate the greatest common factor of g and 9.
9
Let o(t) = t**3 - t + 14. Let j be o(0). Let w(h) = 4*h**2 - 159*h + 1300. Let b be w(34). What is the highest common divisor of b and j?
14
Let f = -35 + 60. Let n = -26 + f. Let s be (-180)/(6*n/4). What is the greatest common divisor of s and 48?
24
Suppose c - 6*c = -945. Suppose 0 = 174*i - 178*i - 12. Let q be 273/13*(i - -2)/(-1). What is the greatest common factor of q and c?
21
Let s(r) = -r**3 + 36*r**2 - 99*r + 18. Let o be s(33). Suppose 13*h - o*h + 640 = 0. What is the greatest common divisor of 448 and h?
64
Let r = 4858 - 2530. What is the greatest common factor of r and 32?
8
Let j(d) = 79*d**2 + 401*d + 40. Let x be j(-17). Calculate the highest common divisor of 46 and x.
46
Let v be (739 + -8 - 11) + -6. Calculate the greatest common factor of v and 153.
51
Suppose -5*i + 2*l + 461 = 0, 474 - 17 = 5*i - 4*l. Let h = i + -53. Let d be (-21)/(-2) - 60/h. What is the highest common factor of d and 36?
9
Suppose c + 3*c = 992. Let x = -35 + 68. Let r = 64 - x. What is the greatest common divisor of c and r?
31
Let s(v) = -553*v + 17. Let w = 61 + -62. Let t be s(w). Calculate the highest common divisor of 30 and t.
30
Let x(i) = -i**2 + 8*i + 20. Let o be (-2)/2 - 0 - (-7 + 6). Let u be x(o). What is the greatest common factor of 40 and u?
20
Suppose -32*n = -24*n - 112. Let s = 390 + -166. Calculate the highest common divisor of n and s.
14
Let z = 3018 + -2976. Calculate the greatest common factor of z and 938.
14
Let y = -34 - -27. Let m be ((-6)/(-14))/(y/(-49)). Let f be 1/((m/(63/6))/8). Calculate the highest common divisor of 70 and f.
14
Let g = -5655 + 5783. Calculate the highest common factor of g and 48.
16
Suppose -g = 2*g - 39. Suppose 0 = -g*k + 8*k. Suppose k = -12*c + 21 + 27. Calculate the highest common divisor of 32 and c.
4
Suppose -669*b + 753190 = 272*b + 2514*b. Suppose 0*p + 2*p - 4 = 0. Calculate the greatest common divisor of p and b.
2
Let c be (-11)/(-22)*(19 + 781). What is the highest common divisor of 75 and c?
25
Let n be (-864)/(-120)*(-40)/(-36). Calculate the greatest common factor of n and 44.
4
Let c(n) = -3*n + 175. Let h be c(7). Suppose 0 = 5*v - 21 - 4. Suppose -2*m = -w - 27, -v*w - 31 = -3*m + 6. What is the highest common divisor of m and h?
14
Let v = -806 - -813. Calculate the highest common divisor of v and 32.
1
Let p = 16519 - -3204. What is the greatest common factor of p and 121?
121
Let y(x) = -8*x**3 + 12*x**2 + 130*x + 471. Let a be y(-9). Calculate the greatest common factor of 22 and a.
11
Let h be (-4)/12*0/(80/(-10)). Suppose h = 12*s + 27*s - 4836. Let u(b) = b**3 - b**2 - 3*b - 5. Let w be u(4). What is the highest common divisor of w and s?
31
Suppose 21*l - 2792 = -587. Calculate the greatest common divisor of l and 385.
35
Let h(s) = 12*s - 190. Let i be h(22). Calculate the greatest common factor of i and 2.
2
Let i(f) = 7*f**3 + 396*f**2 - 198*f + 13. Let p be i(-57). Let w = 134 + -37. Calculate the greatest common factor of w and p.
97
Let q be 2*1/12 - (-246)/36. Let y be -28 + (-4)/(-4 + 5). Let w = 53 + y. What is the highest common divisor of q and w?
7
Suppose 1537 - 577 = 22*j + 38*j. What is the greatest common divisor of j and 128?
16
Suppose 27*j - 7*l + 2670 = 28*j, 0 = 2*j - 2*l - 5260. Calculate the highest common factor of 17 and j.
17
Suppose 0 = 49*z - 46*z - 5*w + 15, -4*w = -2*z - 12. Suppose z = u - 9*t + 10*t - 190, -2*t - 985 = -5*u. Calculate the highest common factor of u and 75.
15
Let q = 3136 + -787. Calculate the greatest common divisor of q and 696.
87
Let w = 3918 + -3294. Calculate the greatest common divisor of 48 and w.
48
Suppose -485 = 34*y - 131*y. Suppose 8*i - 25 = 3*i. Let l = i + -4. Calculate the greatest common divisor of l and y.
1
Suppose 57245 = 3*z + 10*n, n - 6890 = 2*z - 45038. Calculate the greatest common divisor of 105 and z.
35
Suppose -2*q + 68 = 5*m - 71, 0 = -5*q - 3*m + 395. Let k = -62 + q. Let y be -3 - ((-44)/6)/(4/18). What is the greatest common factor of k and y?
10
Let b be (-6 + 52*3/(-30))/((-18)/7155). Calculate the greatest common factor of 63 and b.
21
Let f be ((-120)/(-42))/((32/140)/4). Suppose 0 = -54*h + f*h + 36. What is the greatest common divisor of 18 and h?
9
Let v(f) = 3*f**2 - 34*f + 16. Let s be v(13). Let n be (-5 - -1)/(8/(-116)). Let w = n + -31. What is the highest common divisor of w and s?
27
Let j(q) = 171*q - 8211. Let k be j(49). Calculate the highest common factor of 1659 and k.
21
Suppose -146*u + 207457 = -1079095. What is the greatest common divisor of u and 4?
4
Suppose 0 = 104349*w - 104343*w - 504. What is the greatest common divisor of 156 and w?
12
Suppose -2*d + 16 = -4*t, 8 = d - 5*t - 15. Let c be ((-12)/2 - d)*81/36. Let p be (4/(-6) - 1)*c. Calculate the greatest common divisor of p and 150.
15
Let p = -43 + 37. Let m be (p - -10)*((-117)/(-6))/3. Calculate the highest common factor of 13 and m.
13
Let r(c) = -c**3 + 9*c**2 + 2*c - 16. Let s be r(8). Let o = s - 42. Calculate the greatest common divisor of o and 352.
22
Let m(p) = 12*p**2 - 30 - 15*p + 7*p**2 + 2*p**2 - 20*p**2. Let o be m(18). Calculate the highest common divisor of 24 and o.
24
Let d be 956240/35 + -4*(-32)/(-112). Calculate the greatest common factor of d and 40.
40
Suppose 5*v + 7715 = 5*h, -7*h - 4601 = -10*h - 4*v. What is the greatest common divisor of h and 114?
57
Let a = 108 - 75. Let g = 35 + -33. Let k be -4 + 1 + g - -4. Calculate the highest common factor of a and k.
3
Let z = -5120 - -5358. What is the highest common divisor of z and 616?
14
Let d = -351 - -873. Let s(u) = -3*u + 0*u + d - 492. Let r be s(0). Calculate the highest common divisor of r and 5.
5
L